
{"id":317,"date":"2017-01-20T09:41:31","date_gmt":"2017-01-20T08:41:31","guid":{"rendered":"https:\/\/www.eschenau.at\/?page_id=317"},"modified":"2026-03-25T14:34:20","modified_gmt":"2026-03-25T13:34:20","slug":"eschenauer-rundwanderweg","status":"publish","type":"page","link":"https:\/\/test.eschenau.at\/?page_id=317","title":{"rendered":"Gerhard Halmer Rundwanderweg"},"content":{"rendered":"<div class=\"fusion-fullwidth fullwidth-box fusion-builder-row-1 fusion-flex-container nonhundred-percent-fullwidth non-hundred-percent-height-scrolling\" style=\"--awb-border-radius-top-left:0px;--awb-border-radius-top-right:0px;--awb-border-radius-bottom-right:0px;--awb-border-radius-bottom-left:0px;--awb-flex-wrap:wrap;\" ><div class=\"fusion-builder-row fusion-row fusion-flex-align-items-flex-start fusion-flex-content-wrap\" style=\"max-width:1248px;margin-left: calc(-4% \/ 2 );margin-right: calc(-4% \/ 2 );\"><div class=\"fusion-layout-column fusion_builder_column fusion-builder-column-0 fusion_builder_column_1_1 1_1 fusion-flex-column\" style=\"--awb-bg-size:cover;--awb-width-large:100%;--awb-margin-top-large:0px;--awb-spacing-right-large:1.92%;--awb-margin-bottom-large:0px;--awb-spacing-left-large:1.92%;--awb-width-medium:100%;--awb-spacing-right-medium:1.92%;--awb-spacing-left-medium:1.92%;--awb-width-small:100%;--awb-spacing-right-small:1.92%;--awb-spacing-left-small:1.92%;\"><div class=\"fusion-column-wrapper fusion-flex-justify-content-flex-start fusion-content-layout-column\"><div class=\"fusion-text fusion-text-1\"><h3>Ausgangspunkt: Rotheau &#8211;\u00a0Gasthaus Pils<\/h3>\n<p>Wegmarkierung: wei\u00df &#8211; gr\u00fcn &#8211; wei\u00df<br \/>\nGehzeit: 8 Stunden bzw. 4 Stunden<br \/>\nStreckenl\u00e4nge: 24 km bzw. 10 km<\/p>\n<h3>Wegbeschreibung<\/h3>\n<h4>Route &#8211; l\u00e4ngere Strecke:<\/h4>\n<p>Sportliche, anstrengende Tour mit sehr sch\u00f6nen Landschaftseindr\u00fccken rund um das Eschenauer Tal.<\/p>\n<p>Rotheau &#8211; Buchberg &#8211; Inzenreith &#8211; Lorenzipechkogel &#8211; Gruberstiegel &#8211; Pechberg &#8211; Morigrabensattel &#8211; Gaiseben &#8211; B\u00e4rntaler Lacke &#8211; Kaiserkogel &#8211; Meiselh\u00f6he &#8211; Ehrenecker Kogel &#8211; Rotheau<\/p>\n<h4>Route &#8211; k\u00fcrzere Strecke:<\/h4>\n<p>Rotheau &#8211; Buchberg &#8211; Inzenreith &#8211; Eschenau &#8211; Sonnleiten &#8211; Kaiserkogel &#8211; Meiselh\u00f6he &#8211; Rotheau<\/p>\n<\/div><div ><a class=\"fusion-button button-flat fusion-button-default-size button-default fusion-button-default button-1 fusion-button-default-span fusion-button-default-type\" target=\"_self\" href=\"https:\/\/test.eschenau.at\/wp-content\/uploads\/2026\/03\/Wanderkarte.pdf\"><i class=\"fa-file-pdf fas awb-button__icon awb-button__icon--default button-icon-left\" aria-hidden=\"true\"><\/i><span class=\"fusion-button-text awb-button__text awb-button__text--default\">Gerhard Halmer Rundwanderweg &#8211; Wanderkarte<\/span><\/a><\/div><\/div><\/div><\/div><\/div>\n","protected":false},"excerpt":{"rendered":"","protected":false},"author":1,"featured_media":0,"parent":0,"menu_order":0,"comment_status":"closed","ping_status":"closed","template":"","meta":{"_acf_changed":false,"footnotes":""},"class_list":["post-317","page","type-page","status-publish","hentry"],"acf":[],"_links":{"self":[{"href":"https:\/\/test.eschenau.at\/index.php?rest_route=\/wp\/v2\/pages\/317","targetHints":{"allow":["GET"]}}],"collection":[{"href":"https:\/\/test.eschenau.at\/index.php?rest_route=\/wp\/v2\/pages"}],"about":[{"href":"https:\/\/test.eschenau.at\/index.php?rest_route=\/wp\/v2\/types\/page"}],"author":[{"embeddable":true,"href":"https:\/\/test.eschenau.at\/index.php?rest_route=\/wp\/v2\/users\/1"}],"replies":[{"embeddable":true,"href":"https:\/\/test.eschenau.at\/index.php?rest_route=%2Fwp%2Fv2%2Fcomments&post=317"}],"version-history":[{"count":2,"href":"https:\/\/test.eschenau.at\/index.php?rest_route=\/wp\/v2\/pages\/317\/revisions"}],"predecessor-version":[{"id":14500,"href":"https:\/\/test.eschenau.at\/index.php?rest_route=\/wp\/v2\/pages\/317\/revisions\/14500"}],"wp:attachment":[{"href":"https:\/\/test.eschenau.at\/index.php?rest_route=%2Fwp%2Fv2%2Fmedia&parent=317"}],"curies":[{"name":"wp","href":"https:\/\/api.w.org\/{rel}","templated":true}]}}