
{"id":6851,"date":"2022-08-31T13:32:06","date_gmt":"2022-08-31T11:32:06","guid":{"rendered":"https:\/\/www.eschenau.at\/?page_id=6851"},"modified":"2026-03-25T14:58:30","modified_gmt":"2026-03-25T13:58:30","slug":"autoverkehr","status":"publish","type":"page","link":"https:\/\/test.eschenau.at\/?page_id=6851","title":{"rendered":"Autoverkehr"},"content":{"rendered":"<div class=\"fusion-fullwidth fullwidth-box fusion-builder-row-1 fusion-flex-container nonhundred-percent-fullwidth non-hundred-percent-height-scrolling\" style=\"--awb-border-radius-top-left:0px;--awb-border-radius-top-right:0px;--awb-border-radius-bottom-right:0px;--awb-border-radius-bottom-left:0px;--awb-flex-wrap:wrap;\" ><div class=\"fusion-builder-row fusion-row fusion-flex-align-items-flex-start fusion-flex-content-wrap\" style=\"max-width:1248px;margin-left: calc(-4% \/ 2 );margin-right: calc(-4% \/ 2 );\"><div class=\"fusion-layout-column fusion_builder_column fusion-builder-column-0 fusion_builder_column_1_1 1_1 fusion-flex-column\" style=\"--awb-bg-size:cover;--awb-width-large:100%;--awb-margin-top-large:0px;--awb-spacing-right-large:1.92%;--awb-margin-bottom-large:0px;--awb-spacing-left-large:1.92%;--awb-width-medium:100%;--awb-spacing-right-medium:1.92%;--awb-spacing-left-medium:1.92%;--awb-width-small:100%;--awb-spacing-right-small:1.92%;--awb-spacing-left-small:1.92%;\"><div class=\"fusion-column-wrapper fusion-flex-justify-content-flex-start fusion-content-layout-column\"><div class=\"fusion-text fusion-text-1\"><h1 style=\"--fontSize: 70; line-height: 1.1;\" data-fontsize=\"70\" data-lineheight=\"77px\" class=\"fusion-responsive-typography-calculated\"><\/h1>\n<p>Nicht immer ist es m\u00f6glich, umweltfreundlich mit dem Fahrrad, zu Fu\u00df oder mit \u00f6ffentlichen Verkehrsmitteln unterwegs zu sein.<\/p>\n<p>Autorouten sowie Park+Ride Verbindungen f\u00fcr Nieder\u00f6sterreich, Wien, Burgenland und Gesamt\u00f6sterreich finden Sie im kostenlosen, multimodalen, \u00f6sterreichweiten<strong> <a href=\"https:\/\/anachb.vor.at\/\" target=\"_blank\" rel=\"noopener\">VOR AnachB-Routenplaner<\/a> <\/strong>oder der <strong><a href=\"https:\/\/www.vor.at\/fahrplan-mobilitaet\/vor-apps\/vor-anachb-app\" target=\"_blank\" rel=\"noopener\">VOR AnachB App<\/a><\/strong>.<\/p>\n<h6 style=\"--fontSize: 18; line-height: 1.2; --minFontSize: 18;\" data-fontsize=\"18\" data-lineheight=\"21.6px\" class=\"fusion-responsive-typography-calculated\">Spritspartipps<\/h6>\n<p>Manchmal kann oder will man auf Fahrten mit dem eigenen Auto nicht verzichten. Gut, dass es f\u00fcr diesen Fall n\u00fctzliche Tipps gibt, um den Spritverbrauch um bis zu 15 Prozent zu senken. Eine Sprit-sparende, vorausschauende Fahrweise reduziert Treibstoffverbrauch, Wartungskosten und noch dazu CO2-Emissionen. Die folgenden Spritspartipps bringen Ihnen bares Geld. Das schont nicht nur die Geldb\u00f6rse, sondern auch die Umwelt.<\/p>\n<p>1. <strong>Verschenken Sie keine Motordrehzahl.<\/strong> Jede Umdrehung der Kurbelwelle soll in m\u00f6glichst viele Meter Fahrstrecke umgewandelt werden!<br \/>\n2.<strong> Fahren Sie vorausschauend und gleichm\u00e4\u00dfig.<\/strong> Durch eine intelligente, vorausschauende Fahrweise k\u00f6nnen viele energiefressende Brems- und Beschleunigungsman\u00f6ver vermieden werden.<br \/>\n3. <strong>Fahren Sie nicht schnell!<\/strong> Dieser Tipp klingt zwar etwas unsportlich, bringt aber viel mehr Ersparnis als die meisten vermuten.<\/p>\n<p>Weitere Tipps und Infos finden Sie auf <a href=\"https:\/\/www.noe.gv.at\/noe\/Autofahren\/Spritsparend_fahren.html\" target=\"_blank\" rel=\"noopener\"><strong>hier<\/strong><\/a>!<\/p>\n<h5 style=\"--fontSize: 20; line-height: 1.4; --minFontSize: 20;\" data-fontsize=\"20\" data-lineheight=\"28px\" class=\"fusion-responsive-typography-calculated\"><\/h5>\n<\/div><\/div><\/div><\/div><\/div>\n","protected":false},"excerpt":{"rendered":"","protected":false},"author":2,"featured_media":0,"parent":0,"menu_order":0,"comment_status":"closed","ping_status":"closed","template":"","meta":{"_acf_changed":false,"footnotes":""},"class_list":["post-6851","page","type-page","status-publish","hentry"],"acf":[],"_links":{"self":[{"href":"https:\/\/test.eschenau.at\/index.php?rest_route=\/wp\/v2\/pages\/6851","targetHints":{"allow":["GET"]}}],"collection":[{"href":"https:\/\/test.eschenau.at\/index.php?rest_route=\/wp\/v2\/pages"}],"about":[{"href":"https:\/\/test.eschenau.at\/index.php?rest_route=\/wp\/v2\/types\/page"}],"author":[{"embeddable":true,"href":"https:\/\/test.eschenau.at\/index.php?rest_route=\/wp\/v2\/users\/2"}],"replies":[{"embeddable":true,"href":"https:\/\/test.eschenau.at\/index.php?rest_route=%2Fwp%2Fv2%2Fcomments&post=6851"}],"version-history":[{"count":1,"href":"https:\/\/test.eschenau.at\/index.php?rest_route=\/wp\/v2\/pages\/6851\/revisions"}],"predecessor-version":[{"id":14516,"href":"https:\/\/test.eschenau.at\/index.php?rest_route=\/wp\/v2\/pages\/6851\/revisions\/14516"}],"wp:attachment":[{"href":"https:\/\/test.eschenau.at\/index.php?rest_route=%2Fwp%2Fv2%2Fmedia&parent=6851"}],"curies":[{"name":"wp","href":"https:\/\/api.w.org\/{rel}","templated":true}]}}